er when 1342910 is divided by 2459.
296
Calculate the remainder when 1566548 is divided by 1551.
38
Calculate the remainder when 90765 is divided by 105.
45
Calculate the remainder when 491754 is divided by 2561.
42
Calculate the remainder when 895801 is divided by 223916.
137
What is the remainder when 650797 is divided by 122?
49
What is the remainder when 13214716 is divided by 314?
26
What is the remainder when 5813392 is divided by 1937769?
85
Calculate the remainder when 832154 is divided by 6030.
14
What is the remainder when 143815710 is divided by 8056?
8054
What is the remainder when 5828953 is divided by 2143?
2136
What is the remainder when 3668338 is divided by 1222755?
73
What is the remainder when 6600 is divided by 500?
100
Calculate the remainder when 569849 is divided by 600.
449
Calculate the remainder when 7976801 is divided by 199420.
1
Calculate the remainder when 43265195 is divided by 400.
395
What is the remainder when 2940969 is divided by 939?
21
What is the remainder when 3551230 is divided by 16751?
18
Calculate the remainder when 33338753 is divided by 181.
1
Calculate the remainder when 337218 is divided by 112402.
12
Calculate the remainder when 55585457 is divided by 46593.
8
Calculate the remainder when 3381802 is divided by 24865.
162
What is the remainder when 1021938 is divided by 170301?
132
Calculate the remainder when 1167776 is divided by 1303.
288
Calculate the remainder when 46551093 is divided by 85.
78
Calculate the remainder when 153125 is divided by 638.
5
What is the remainder when 1675645 is divided by 693?
664
Calculate the remainder when 5039929 is divided by 314995.
9
Calculate the remainder when 26873217 is divided by 403.
371
Calculate the remainder when 1412611 is divided by 751.
731
Calculate the remainder when 23613 is divided by 10860.
1893
Calculate the remainder when 138016 is divided by 2028.
112
What is the remainder when 4915698 is divided by 1348?
890
What is the remainder when 46762 is divided by 719?
27
What is the remainder when 11712482 is divided by 488?
482
What is the remainder when 14695932 is divided by 262427?
20
Calculate the remainder when 541266 is divided by 5106.
30
Calculate the remainder when 155106 is divided by 141.
6
Calculate the remainder when 18735 is divided by 372.
135
Calculate the remainder when 2628394 is divided by 79611.
1231
Calculate the remainder when 281746 is divided by 258.
10
What is the remainder when 2352057 is divided by 265?
182
Calculate the remainder when 414290 is divided by 89.
84
What is the remainder when 1909829 is divided by 318285?
119
Calculate the remainder when 31019 is divided by 5129.
245
Calculate the remainder when 65666913 is divided by 33.
15
Calculate the remainder when 265224 is divided by 1276.
1092
Calculate the remainder when 30885 is divided by 14886.
1113
What is the remainder when 1451050 is divided by 632?
610
What is the remainder when 50634718 is divided by 1234?
1230
Calculate the remainder when 23076387 is divided by 218.
215
Calculate the remainder when 505210 is divided by 9355.
40
What is the remainder when 53316004 is divided by 19?
9
What is the remainder when 107182 is divided by 865?
787
Calculate the remainder when 6320261 is divided by 203.
59
Calculate the remainder when 509885 is divided by 46293.
662
Calculate the remainder when 9915983 is divided by 225.
8
What is the remainder when 9166932 is divided by 619?
161
Calculate the remainder when 1794364 is divided by 4042.
3758
What is the remainder when 1169623 is divided by 389867?
22
Calculate the remainder when 49462 is divided by 4087.
418
What is the remainder when 59458 is divided by 9733?
1060
Calculate the remainder when 1489006 is divided by 8.
6
What is the remainder when 5814205 is divided by 77?
12
What is the remainder when 3466282 is divided by 32095?
22
Calculate the remainder when 5467523 is divided by 678.
131
What is the remainder when 2693047 is divided by 3669?
1
Calculate the remainder when 427832648 is divided by 14.
12
Calculate the remainder when 7654 is divided by 4651.
3003
What is the remainder when 23575095 is divided by 2607?
2601
Calculate the remainder when 84581 is divided by 1194.
1001
What is the remainder when 16896044 is divided by 85?
84
Calculate the remainder when 3770072 is divided by 942505.
52
Calculate the remainder when 284633128 is divided by 198.
10
Calculate the remainder when 2967501 is divided by 636.
561
What is the remainder when 852147 is divided by 598?
595
Calculate the remainder when 50191100 is divided by 5019106.
40
Calculate the remainder when 2194357 is divided by 952.
949
What is the remainder when 12791536 is divided by 4263805?
121
What is the remainder when 14965 is divided by 8865?
6100
Calculate the remainder when 2838783 is divided by 1419321.
141
Calculate the remainder when 1137189 is divided by 14.
11
What is the remainder when 7999630 is divided by 1522?
1520
Calculate the remainder when 37525730 is divided by 6254276.
74
Calculate the remainder when 476160 is divided by 1024.
0
What is the remainder when 49693440 is divided by 537?
534
Calculate the remainder when 5207023 is divided by 120.
103
Calculate the remainder when 165136 is divided by 15004.
92
What is the remainder when 86435 is divided by 5081?
58
What is the remainder when 1509053 is divided by 487?
327
What is the remainder when 1366600 is divided by 1366555?
45
What is the remainder when 565903 is divided by 9928?
7
What is the remainder when 12051549 is divided by 1514?
109
What is the remainder when 1890956 is divided by 12119?
392
Calculate the remainder when 6117742 is divided by 109245.
22
What is the remainder when 117118 is divided by 58261?
596
Calculate the remainder when 17498925 is divided by 436.
65
Calculate the remainder when 12368286 is divided by 110.
106
Calculate the remainder when 337387 is divided by 130.
37
Calculate the remainder when 81045 is divided by 46.
39
Calculate the remainder when 18673341 is divided by 6.
3
Calculate the remainder when 9317150 is divided by 3631.
4
Calculate the remainder when 21896 is divided by 571.
198
What is the remainder when 1371352 is divided by 1204?
1200
Calculate the remainder when 13006 is divided by 985.
201
What is the remainder when 6950385 is divided by 19?
14
Calculate the remainder when 14033099 is divided by 877068.
11
What is the remainder when 1998619 is divided by 1158?
1069
What is the remainder when 15850076 is divided by 7925036?
4
What is the remainder when 10820216 is divided by 24647?
183
Calculate the remainder when 26301 is divided by 572.
561
Calculate the remainder when 84309 is divided by 12031.
92
Calculate the remainder when 271702 is divided by 12348.
46
Calculate the remainder when 1602568 is divided by 177766.
2674
Calculate the remainder when 2070441 is divided by 115017.
135
Calculate the remainder when 3695432 is divided by 161.
160
Calculate the remainder when 72766 is divided by 1371.
103
What is the remainder when 298969088 is divided by 245?
243
Calculate the remainder when 46899700 is divided by 15633224.
28
Calculate the remainder when 16516 is divided by 14717.
1799
What is the remainder when 102600 is divided by 99487?
3113
What is the remainder when 193408650 is divided by 8247?
6
What is the remainder when 9028769 is divided by 1131?
1127
Calculate the remainder when 7858221 is divided by 213.
12
What is the remainder when 862465 is divided by 16887?
1228
Calculate the remainder when 18476829 is divided by 3166.
53
Calculate the remainder when 4992831 is divided by 465.
126
Calculate the remainder when 17977 is divided by 1560.
817
Calculate the remainder when 26836132 is divided by 4472673.
94
What is the remainder when 127842 is divided by 1152?
1122
Calculate the remainder when 251492 is divided by 16765.
17
What is the remainder when 7695320 is divided by 1539064?
0
Calculate the remainder when 411638 is divided by 51453.
14
Calculate the remainder when 88411570 is divided by 725.
720
What is the remainder when 30514815 is divided by 8538?
3
What is the remainder when 58140669 is divided by 3060034?
23
Calculate the remainder when 1966635 is divided by 28.
27
Calculate the remainder when 1322100 is divided by 